{"id":147,"date":"2016-02-29T11:01:11","date_gmt":"2016-02-29T10:01:11","guid":{"rendered":"http:\/\/hesse-nrw.de\/?page_id=147"},"modified":"2021-01-10T15:50:16","modified_gmt":"2021-01-10T14:50:16","slug":"https-tmosebach-de","status":"publish","type":"page","link":"http:\/\/hesse-nrw.de\/?page_id=147","title":{"rendered":"Links"},"content":{"rendered":"\n<p><a href=\"https:\/\/tmosebach.de\" target=\"_blank\" rel=\"noreferrer noopener\">Ossis Blog<\/a> Interessante Seite mit vielen Ideen<\/p>\n\n\n<p><a href=\"http:\/\/www.lord-nelson.com\/\" target=\"_blank\" rel=\"noopener noreferrer\">Segel- &amp; Motorboot-Schule Lord Nelson<\/a> Hier k\u00f6nnt Ihr etwas Lernen und viel Spa\u00df haben<\/p>\n<p><a href=\"http:\/\/schulz-nrw.de\/\" target=\"_blank\" rel=\"noopener noreferrer\">Schulz-NRW<\/a> Eine sch\u00f6ne Seite \u00fcber Motorr\u00e4der<\/p>\n<p><a href=\"https:\/\/www.travelerontour.com\/\" target=\"_blank\" rel=\"noopener noreferrer\">Schumacher on Tour<\/a> Besondere Motorradreisen in Bild und Film<\/p>\n<p><a href=\"http:\/\/www.westerwaldmuseum.de\/\" target=\"_blank\" rel=\"noopener noreferrer\">Westerwald-Museum<\/a> Ein privates Museum f\u00fcr Motorr\u00e4der &amp; Technik<\/p>\n<p><a href=\"http:\/\/www.marinegeschichte.de\/\" target=\"_blank\" rel=\"noopener noreferrer\">Deutsche Gesellschaft f\u00fcr Schiffahrts- und Marinegeschichte e.V.<\/a> Schifffahrt in allen Facetten<\/p>\n<p><a href=\"http:\/\/www.muellen.de\/weine-besonderer-lagen.html\" target=\"_blank\" rel=\"noopener noreferrer\">Martin M\u00fcllen Weine besonderer Lagen<\/a> Moselweine in exquisiter Qualit\u00e4t<\/p>\n<p><a href=\"https:\/\/pension-bartz.de\/pages\/de\/startseite.php\" target=\"_blank\" rel=\"noopener noreferrer\">Pension Bartz<\/a> Das freundliche Domizil in Traben-Trarbach<\/p>\n<p><a href=\"http:\/\/www.cafe-alte-schule.de\/\" target=\"_blank\" rel=\"noopener noreferrer\">Caf\u00e9 Alte Schule<\/a> Hier trifft sich die Zweiradgemeinde<\/p>\n<p><a href=\"http:\/\/www.secure.kanu-gatz.de\" target=\"_blank\" rel=\"noopener noreferrer\">Gatz Kanus<\/a> Canadier, entwickelt von Kanufahrern<\/p>\n<p><a href=\"https:\/\/www.iomtt.com\/\" target=\"_blank\" rel=\"noopener noreferrer\">Isle of Man TT<\/a> Die schnellen Stra\u00dfenrennen seit 1907<\/p>\n<p><a href=\"http:\/\/www.fourever-classic-parts.de\/\" target=\"_blank\" rel=\"noopener noreferrer\">Fourever Classic Parts<\/a> Die erste Wahl f\u00fcr die Four Modelle<\/p>\n<p><a href=\"https:\/\/www.mg-boldor.de\/\" target=\"_blank\" rel=\"noopener noreferrer\">Alles f\u00fcr die Bol d&#8217;Or<\/a> Ein hervorragender Gebrauchtteile H\u00e4ndler, schnell zuverl\u00e4ssig<\/p>\n<p><a href=\"http:\/\/www.motorradmuseum-heinz-luthringshauser.com\/\" target=\"_blank\" rel=\"noopener noreferrer\">Motorrad Museum Otterbach<\/a> Ein Museum in einer Kirche<\/p>\n<p><a href=\"http:\/\/www.bauer-schmidt.com\/\" target=\"_blank\" rel=\"noopener noreferrer\">Bauer Schmidt<\/a> Der Motorrad Treff der besonderen Art<\/p>\n<p><a href=\"http:\/\/www.tanjaklemm.de\/\" target=\"_blank\" rel=\"noopener noreferrer\">Leder Werkstatt Tanja Klemm<\/a> Wer mal runter f\u00e4llt oder einfach Schrumpfleder hat und die Kombi nicht mehr passt<\/p>\n\n\n<h2 class=\"wp-block-heading\"><\/h2>\n\n\n\n<p><\/p>\n","protected":false},"excerpt":{"rendered":"<p>Ossis Blog Interessante Seite mit vielen Ideen Segel- &amp; Motorboot-Schule Lord Nelson Hier k\u00f6nnt Ihr etwas Lernen und viel Spa\u00df haben Schulz-NRW Eine sch\u00f6ne Seite \u00fcber Motorr\u00e4der Schumacher on Tour Besondere Motorradreisen in Bild und Film Westerwald-Museum Ein privates Museum f\u00fcr Motorr\u00e4der &amp; Technik Deutsche Gesellschaft f\u00fcr Schiffahrts- und Marinegeschichte e.V. Schifffahrt in allen Facetten &hellip; <a href=\"http:\/\/hesse-nrw.de\/?page_id=147\" class=\"more-link\"><span class=\"screen-reader-text\">Links<\/span> weiterlesen <span class=\"meta-nav\">&rarr;<\/span><\/a><\/p>\n","protected":false},"author":1,"featured_media":0,"parent":0,"menu_order":0,"comment_status":"closed","ping_status":"closed","template":"","meta":{"footnotes":""},"class_list":["post-147","page","type-page","status-publish","hentry"],"post_mailing_queue_ids":[],"_links":{"self":[{"href":"http:\/\/hesse-nrw.de\/index.php?rest_route=\/wp\/v2\/pages\/147","targetHints":{"allow":["GET"]}}],"collection":[{"href":"http:\/\/hesse-nrw.de\/index.php?rest_route=\/wp\/v2\/pages"}],"about":[{"href":"http:\/\/hesse-nrw.de\/index.php?rest_route=\/wp\/v2\/types\/page"}],"author":[{"embeddable":true,"href":"http:\/\/hesse-nrw.de\/index.php?rest_route=\/wp\/v2\/users\/1"}],"replies":[{"embeddable":true,"href":"http:\/\/hesse-nrw.de\/index.php?rest_route=%2Fwp%2Fv2%2Fcomments&post=147"}],"version-history":[{"count":26,"href":"http:\/\/hesse-nrw.de\/index.php?rest_route=\/wp\/v2\/pages\/147\/revisions"}],"predecessor-version":[{"id":3320,"href":"http:\/\/hesse-nrw.de\/index.php?rest_route=\/wp\/v2\/pages\/147\/revisions\/3320"}],"wp:attachment":[{"href":"http:\/\/hesse-nrw.de\/index.php?rest_route=%2Fwp%2Fv2%2Fmedia&parent=147"}],"curies":[{"name":"wp","href":"https:\/\/api.w.org\/{rel}","templated":true}]}}